{"id":23,"date":"2015-06-29T19:38:48","date_gmt":"2015-06-29T17:38:48","guid":{"rendered":"http:\/\/www.industriedemontage.at\/?page_id=23"},"modified":"2016-02-10T16:09:28","modified_gmt":"2016-02-10T15:09:28","slug":"dienstleistungen","status":"publish","type":"page","link":"http:\/\/www.industriedemontage.at\/?page_id=23","title":{"rendered":"Dienstleistungen"},"content":{"rendered":"<p>Die angebotenen Dienstleistungen umfassen:<\/p>\n<ul>\n<li>Die Besichtigung von Baustellen und Objekten zum Zweck der Angebotslegung.<\/li>\n<li>Beratung zum Ablauf der Arbeiten.<\/li>\n<li>Die Kalkulation und Planung der besprochenen Arbeiten inklusive Organisation aller n\u00f6tigen Subunternehmen.<\/li>\n<li>Durchf\u00fchrung der vereinbarten Arbeiten.<\/li>\n<li>Nachkalkulation und Abrechnung der Baustelle.<\/li>\n<li>Entsorgung der anfallenden Materialien.<\/li>\n<li>\u00dcberwachung von Qualit\u00e4tssicherungs- und Sicherheitsma\u00dfnahmen welche mit dem Auftraggeber vereinbart wurden.<\/li>\n<\/ul>\n<p>Unser Angebot umfasst:<\/p>\n<ul>\n<li>Planung und Durchf\u00fchrung von Demontagearbeiten jeder Art, je nach Bedarf auch h\u00e4ndisch und zerst\u00f6rungsfrei.<\/li>\n<li>Planung und Durchf\u00fchrung von Abbrucharbeiten egal ob Stahl, Beton, Holz oder Ziegelbau.<\/li>\n<li>Planung und Durchf\u00fchrung von R\u00fcckbauarbeiten.<\/li>\n<li>Planung und Durchf\u00fchrung von Sprengarbeiten.<\/li>\n<li>Planung und Durchf\u00fchrung von Erdbauarbeiten.<\/li>\n<li>Handel mit Maschinenteilen und Rohstoffen.<\/li>\n<li>Externe Beratung von Entscheidungstr\u00e4gern in der Industrie.<\/li>\n<\/ul>\n<p>Einige Eindr\u00fccke \u00fcber unsere Arbeit finden Sie in der <a href=\"http:\/\/www.industriedemontage.at\/?page_id=37\">Galerie<\/a>.<\/p>\n","protected":false},"excerpt":{"rendered":"<p>Die angebotenen Dienstleistungen umfassen: Die Besichtigung von Baustellen und Objekten zum Zweck der Angebotslegung. Beratung zum Ablauf der Arbeiten. Die Kalkulation und Planung der besprochenen Arbeiten inklusive Organisation aller n\u00f6tigen Subunternehmen. Durchf\u00fchrung der vereinbarten Arbeiten. Nachkalkulation und Abrechnung der Baustelle. Entsorgung der anfallenden Materialien. \u00dcberwachung von Qualit\u00e4tssicherungs- und Sicherheitsma\u00dfnahmen welche mit dem Auftraggeber vereinbart wurden. &hellip; <a href=\"http:\/\/www.industriedemontage.at\/?page_id=23\" class=\"more-link\"><span class=\"screen-reader-text\">Dienstleistungen<\/span> weiterlesen <span class=\"meta-nav\">&rarr;<\/span><\/a><\/p>\n","protected":false},"author":2,"featured_media":0,"parent":0,"menu_order":0,"comment_status":"closed","ping_status":"open","template":"","meta":{"footnotes":""},"_links":{"self":[{"href":"http:\/\/www.industriedemontage.at\/index.php?rest_route=\/wp\/v2\/pages\/23"}],"collection":[{"href":"http:\/\/www.industriedemontage.at\/index.php?rest_route=\/wp\/v2\/pages"}],"about":[{"href":"http:\/\/www.industriedemontage.at\/index.php?rest_route=\/wp\/v2\/types\/page"}],"author":[{"embeddable":true,"href":"http:\/\/www.industriedemontage.at\/index.php?rest_route=\/wp\/v2\/users\/2"}],"replies":[{"embeddable":true,"href":"http:\/\/www.industriedemontage.at\/index.php?rest_route=%2Fwp%2Fv2%2Fcomments&post=23"}],"version-history":[{"count":4,"href":"http:\/\/www.industriedemontage.at\/index.php?rest_route=\/wp\/v2\/pages\/23\/revisions"}],"predecessor-version":[{"id":438,"href":"http:\/\/www.industriedemontage.at\/index.php?rest_route=\/wp\/v2\/pages\/23\/revisions\/438"}],"wp:attachment":[{"href":"http:\/\/www.industriedemontage.at\/index.php?rest_route=%2Fwp%2Fv2%2Fmedia&parent=23"}],"curies":[{"name":"wp","href":"https:\/\/api.w.org\/{rel}","templated":true}]}}